se -w*m + q - 5*q = -2212, -q - 437 = -m. What is the greatest common divisor of 176 and m?
88
Let p = 11 - 139. Let y = -90 - p. Let o = 204 + y. Calculate the highest common factor of o and 22.
22
Let z be (-3 + 4)/(10/5010). Let a = z + -357. Let h be (a/56)/(6/476). What is the greatest common factor of h and 51?
51
Suppose 695 = 21*s + 275. What is the greatest common divisor of 4820 and s?
20
Let d = 17751 - -11499. Suppose -177*n = -159*n - d. What is the highest common divisor of n and 65?
65
Let p(k) = -8*k**3 - 5*k**2 - 3*k - 1. Let c be p(-1). Suppose c*x - 2*l - 4897 = 0, -5*l - 136 = 3*x - 3068. Calculate the greatest common divisor of 89 and x.
89
Let c = -6203 + 13406. Calculate the greatest common factor of c and 147.
147
Suppose 35 = 3*d + 3*n + 44, 7 = -4*d - 3*n. Suppose -5 = -p + z + 9, 0 = -d*z + 4. Calculate the highest common factor of p and 80.
16
Suppose -1165 = -3*l + 20. Let o = l + -267. What is the greatest common factor of 40 and o?
8
Let w(r) = -247*r + 5111. Let a be w(15). Calculate the highest common divisor of 38 and a.
38
Let s = 211 - 139. Let o(z) = -3*z + 121. Let n be o(11). Suppose -81*x - 63 = -n*x. Calculate the highest common divisor of x and s.
9
Suppose -m - 4*m = 22*m - 44712. What is the highest common factor of 54 and m?
18
Let h = 10 + -5. Suppose 4*w - 1521 = h*q, -4*w = -9*w + 5*q + 1895. Let g be ((-180)/120)/((-1 - 3) + 538/136). What is the highest common divisor of g and w?
34
Let v be 190/(-20)*-9*(16/(-9) - -2). Let p(q) = -4*q**3 + 6*q**2 - 2*q + 5. Let c be p(-5). Calculate the greatest common factor of c and v.
19
Let r(f) = -37*f + 5. Let m be r(0). Suppose -2*c = 5*a - 77, -m*a + 149 = -8*c + 12*c. What is the greatest common divisor of c and 12?
12
Let m be 12*1/2 + (136 - -16). Let j = m + -143. Let y = -3 + 6. Calculate the greatest common factor of y and j.
3
Let c = 29776 + -29098. Calculate the greatest common factor of c and 1130.
226
Let s = -5207 - -5210. What is the highest common factor of s and 291?
3
Let s(m) = 5*m**2 - 159*m - 50. Let w be s(38). Calculate the highest common factor of w and 24.
24
Let t = 1178 - 1150. Calculate the highest common factor of t and 1211.
7
Let p(n) = 4*n**2 - 7*n + 26. Let b be p(4). Suppose -54 = 2*t - b. What is the greatest common divisor of 14 and t?
2
Suppose 148*z = 145*z + 7*a - 20, -5*z = 4*a - 92. Let j = -151 + 211. What is the highest common divisor of z and j?
12
Let x(r) = 142*r**2 - 80*r - 351. Let y be x(-5). Calculate the highest common divisor of y and 59.
59
Let d be (500/75)/((-1)/3*-1). Calculate the highest common divisor of 55 and d.
5
Let z = -36 + 52. Suppose -21*d + 28170 = -z*d. Suppose -10*x + d - 1854 = 0. What is the highest common factor of x and 54?
54
Let v be 33*(-2 + 1 + 0). Let l be (-3 - -80)/(-1*(2 + -1)). Let i be (l/v)/(2/462). What is the greatest common factor of i and 49?
49
Let m(y) = 11*y**2 + 5*y - 4. Let h be m(-1). Suppose 0 = -2*f - 3*t + 372, h*f = -2*t + 196 + 178. What is the highest common factor of 54 and f?
27
Let d(g) = -g - 3. Let t(x) = 5*x + 12. Let j(f) = -18*d(f) - 4*t(f). Let q be j(-4). Suppose -q*a = -10*a - 60. What is the highest common factor of a and 150?
15
Let f = -7 - -10. Suppose -f*k + 117 = -18. Let v(z) = -116*z + 616. Let b be v(5). What is the highest common divisor of k and b?
9
Suppose -2675 = -8*h + 213. Calculate the greatest common factor of h and 38.
19
Let g be (-4)/(-22) + 795/165. Suppose g*m = -4*f + m + 220, -3*f = -m - 149. What is the greatest common factor of 408 and f?
51
Let k(u) be the second derivative of u**5/20 - 7*u**4/12 - 14*u**3/3 - u**2 + 100*u. Let v be k(10). What is the highest common divisor of v and 18?
18
Suppose 5*x + 172 = 3*s, -272 = -4*s + 33*x - 37*x. Calculate the highest common divisor of s and 6096.
16
Suppose -836 = -4*w - 4*j, 0 = -5*w + 7*j - 3*j + 1009. Suppose 157*v = -272*v + 52767. Calculate the highest common factor of w and v.
41
Suppose 5*t = -6*t - 11858. Let f(n) = n**3 + 5*n**2 - 6*n - 8. Let g be f(-6). Let m be (-3)/g - t/112. What is the highest common factor of m and 110?
10
Let d = 341 + -241. Let v be 6*(8/6)/(11/110). Calculate the greatest common factor of v and d.
20
Suppose j = 2*y + 43, 117 = -j - 5*y + 146. Calculate the highest common factor of j and 5811.
39
Let y = -3994 + 4032. Calculate the greatest common factor of 627 and y.
19
Let j(v) = v**3 + 0*v**2 - 2 + v**3 + 9*v**2 - v**3. Let c be j(-7). What is the greatest common factor of c and 12?
12
Let s(u) = 4*u**2 - 3*u - 2. Let c be s(8). Suppose -62 = 99*m - 102*m - 4*l, l - 8 = 0. What is the highest common divisor of c and m?
10
Let t(l) = -l**3 - 7*l**2 - 20*l - 77. Let a be t(-7). What is the greatest common divisor of 203 and a?
7
Suppose 18 + 162 = 9*p. Suppose o - 5*h - 17 = 0, -16*h + p = -11*h. What is the greatest common factor of 629 and o?
37
Let t = -68 - -11. Let f be (5/(-6))/(3 + t/18). Suppose 3*h + f = 155. What is the highest common factor of 125 and h?
25
Let i(f) = -40*f + 50. Let t(c) = 13*c - 1. Let l(o) = i(o) + 3*t(o). Let r = 0 - -15. Let h be l(r). What is the highest common factor of h and 16?
16
Suppose -139*k = -116*k - 69. Suppose -d - 5121 = -k*s - 2*s, s + d = 1029. What is the highest common divisor of s and 25?
25
Let c be (-2)/(132/68 - 2). Let q = 98 + -234. Let b = q - -187. Calculate the greatest common divisor of c and b.
17
Suppose -9*a + 1289 + 1119 = 5*a. What is the greatest common divisor of a and 3053?
43
Let v be ((-450)/(-5))/(-3) + (-4 - -1). Let q be 2477/((1/15)/(11/v)). Let c be q/(-55) + 4/(-22). Calculate the greatest common divisor of c and 25.
25
Let a be 8 - 7 - 0 - -398. Calculate the highest common divisor of 147 and a.
21
Suppose -4*l + 18 = -2*j, 3 = 2*l - 5*j + 10*j. Let o be 2008/28 - l*4/(-56). What is the greatest common divisor of 48 and o?
24
Let g be 15/(-7 + 45/6). Let w be (111 + -51)*-3*(-44)/g. Calculate the greatest common divisor of w and 176.
88
Let k(h) = -h - 7. Let r be k(-7). Suppose -8*v + 187 + 213 = r. Suppose v = -2*t + 104. Calculate the greatest common factor of 9 and t.
9
Let l(v) be the first derivative of 5*v**2 + 59*v + 10. Let w be l(-3). What is the greatest common factor of w and 870?
29
Let l(j) = -3*j + 39. Let v be l(-5). Let b = 358 - 340. Calculate the greatest common factor of b and v.
18
Let s be 1/4 - 81601/156*-33. What is the greatest common divisor of s and 126?
126
Let i = -25873 - -25988. Let n(p) = -68*p + 1. Let h be n(-1). What is the greatest common divisor of i and h?
23
Let a = -341 + 336. Let j be ((-11)/((-110)/(-8)))/(2/a). Calculate the greatest common factor of 5 and j.
1
Let l = 23647 + -23542. Calculate the highest common divisor of 1275 and l.
15
Suppose -5*p + 5*h = -85, -h = 10*p - 175 + 5. Let a(u) = -2*u + 3*u**2 + u + 3 + u. Let d be a(4). Calculate the greatest common factor of d and p.
17
Let v = 34 - 29. Suppose -5*b + 207 = -r - 2*r, -3*b = -v*r - 137. Let w = 81 - b. Calculate the greatest common factor of 28 and w.
14
Let t = -372 + 297. Let b be (t + 5)*(-36)/30. Calculate the highest common divisor of 192 and b.
12
Suppose 19*h - 234133 - 41153 = -24*h. Calculate the highest common divisor of h and 66.
66
Let v(k) = 43*k**3 + k**2 - 6*k + 4. Let p be v(1). Calculate the greatest common factor of p and 2982.
42
Suppose 5*y = n + 356, 4*n - 50 = 2*y - 178. Suppose -3*t - h - 2*h + 309 = 0, t - 5*h - 133 = 0. What is the greatest common factor of t and y?
36
Suppose -3*d - 4*a + 748 = -0*a, -778 = -3*d + 2*a. Let h = 87153 - 87057. What is the highest common factor of h and d?
32
Let q = 2529 - 1477. Let l = -63 + q. Calculate the greatest common factor of l and 43.
43
Let q be (9 - (-10 - -13)) + (-12)/2. Suppose 24*f - 691 - 3989 = q. Calculate the greatest common factor of 45 and f.
15
Let t be ((-21 - 1) + 0)/(-31 + 32). Let o be (-66)/(-3)*1*t/(-2). Let i be (20 - 9)/(2/4). What is the greatest common factor of o and i?
22
Suppose -q = -4*v - 59, q + 163 = -5*v + 213. Calculate the greatest common factor of q and 135.
5
Suppose 0 = -w + 3*z + 12, -z + 3 = -3*w + 7. Suppose -4*v + p + 112 = w, 4*p + 2 = -5*v + 142. What is the greatest common factor of 63 and v?
7
Let g(r) = 2*r**3 + 74*r**2 - 80*r - 105. L